. Let k be s(11). Let i(x) = -x**2 - 4*x - 1. What is i(k)?
-6
Let z(t) = t + 1. Let h(s) = s - 20. Let g be h(20). Determine z(g).
1
Let g(q) = -q**3 + q + 1. Let j be g(0). Suppose 3 - j = -2*m. Let w(k) = -4*k**3 + k**2 + k + 1. Calculate w(m).
5
Let d be 1*2 + (0 - 2). Suppose -4*c - 12 - 6 = x, -5*c - 5*x - 15 = d. Let g(r) be the third derivative of r**5/60 + 7*r**4/24 + 2*r**3/3 - 11*r**2. Give g(c).
-6
Let l(o) be the second derivative of -5*o**3/3 - o**2/2 + 3*o. Give l(-1).
9
Let f(l) be the first derivative of 0*l**3 + 3*l - 1/12*l**4 - 3 + 2*l**2. Let p(s) be the first derivative of f(s). Determine p(-3).
-5
Let y(l) = l - 5. Let u(w) = -5*w. Let i be u(2). Let b be 6/(-10) - 6/i. Let r = b + 4. Determine y(r).
-1
Let k(y) = -y**2 - y. Let p be k(0). Suppose j + g = 3*j + 2, j = -5*g + 21. Let l be 3 + (j - -1) + p. Let q(x) = -x + 8. Determine q(l).
3
Let m(s) be the third derivative of -s**4/3 - s**3/2 + 12*s**2. Calculate m(-2).
13
Let l(h) = h + 2. Let d = 16 - 11. Suppose 0 = d*p - 0*p + 30. Calculate l(p).
-4
Let p(n) = -n**3 + 6*n**2 + n + 6. Let u be (-168)/(-63)*(-9)/(-4). What is p(u)?
12
Let p(n) be the first derivative of n**4/4 + n**2/2 - 6*n + 3. Calculate p(0).
-6
Let y(o) = 7*o**2 - o + 7. Let x(j) = -j. Let d be x(-7). Let h(v) = 8*v**2 - 2*v + 8. Let f(s) = d*y(s) - 6*h(s). What is f(-4)?
-3
Let o(u) = 2*u**2 + 4*u - 1. Let n be o(-3). Suppose n*r - r = -16. Let z(k) = 3*k + 10. Let q(w) = -5*w - 15. Let s(c) = -5*q(c) - 8*z(c). Determine s(r).
-9
Let w(o) = o**3 - 4*o**2 - 6. Let v be w(4). Let d(f) = -f**3 - 6*f**2 + f - 3. Calculate d(v).
-9
Let p(g) = -3*g. Suppose 6*m - 12 = 9*m. Let v be (12 + -9)*m/6. What is p(v)?
6
Let y(x) be the second derivative of -3/2*x**2 + 2*x - 2/3*x**3 + 0 - 1/20*x**5 + 1/2*x**4. Determine y(5).
2
Suppose 37 = 4*t - 5*u, 2 = -5*t - u + 12. Suppose 4 + 11 = t*o. Let k(j) be the second derivative of j**5/20 - j**4/3 - 2*j**3/3 + j**2 + 10*j. What is k(o)?
7
Let x(u) = -4*u - 1. Let q(k) = -5*k. Let b(h) = 3*q(h) - 4*x(h). Determine b(-4).
0
Let z be (0 - 0)/(-2 - -3). Let m(l) = 2*l - 5 + l + l**3 + z*l + 6*l**2. Give m(-5).
5
Let u(o) = -3*o - 4 + 6 + 7 - 10. What is u(-1)?
2
Let r(b) = b**2 - 4*b - 4. Let d(v) be the second derivative of -5*v**3/6 - 3*v. Let z be d(-1). Determine r(z).
1
Let u(i) = -i**2 - 1. Let o(p) = 4*p**2 + p. Let h(g) = o(g) + 3*u(g). Suppose 2*j + j = -4*t + 12, 0 = 5*j - t - 20. Suppose -j*f = -f. What is h(f)?
-3
Let g(v) = -v**2 - 5 + 4*v**2 - 4*v + 0*v - 2*v**2. Let y(n) = n - 4. Let w be y(8). Give g(w).
-5
Let g(k) = -k**3 - 4*k**2 + 7*k + 4. Let i be (-17)/3 - (-4)/6. Give g(i).
-6
Let j(g) = -g**3 + g**2 - g + 1. Let k be j(0). Let d(x) = -6*x + 1. Let p be d(k). Let h be p/10 + 1/(-2). Let w(c) = -4*c. What is w(h)?
4
Let u(y) = 5*y**2 + 12*y - 1. Let d(s) = 4*s**2 + 11*s - 2. Let x(a) = -6*d(a) + 5*u(a). Determine x(5).
2
Let w = 9 + -7. Let f be 5 - 2 - w*2. Let t(y) = 6*y. Give t(f).
-6
Let h(v) = -v**2 - 4*v + 3. Let j be h(-6). Let c = j + 3. Let n(r) = r**2 + 5*r - 8. Determine n(c).
-2
Let w(x) = -x**3 + x**2. Let v be w(-1). Suppose -v*p = -4*p. Let n(t) = t**2 - t + 1. Determine n(p).
1
Let y(m) = -5*m**3 - m**2 + 2*m - 1. Suppose 4*p = d - 20, 4*d - 26 = -3*p + p. Suppose 3*b - d*b + 10 = 0. Let f be (2 - b)/1 - -1. Determine y(f).
-5
Let u = -22 + 23. Let r(x) = -2 + 2*x + 6 - u. Calculate r(-4).
-5
Let k be (-1)/(2 - (-3)/(-2)). Let x(s) be the third derivative of s**6/120 + s**5/30 + s**4/12 + s**3/6 + 23*s**2. What is x(k)?
-3
Let f(u) = 5*u - 434 - u + 433. Give f(-1).
-5
Let m(t) = 4*t**3 - t. Let a be (-585)/20 - 3/(-12). Let o = 30 + a. Calculate m(o).
3
Let p(m) = 2 + 3*m**2 + 3*m**3 + m**2 - 4*m**3 + m. Suppose 0 = 3*n - 14 - 10. Suppose -n = -t + u, 3*t + 7 - 23 = u. Determine p(t).
6
Let q(a) = 0 + 3*a**2 + 0 - a**3 + 2*a + 1. Let d = 5 - 2. Give q(d).
7
Let x(d) = d**3 + d**2 - 1. Let i = 5 + -5. Suppose 5*s + 0 + 5 = i. Let y(b) = 2*b**3 + 2*b**2 + b - 5. Let u(j) = s*y(j) + 3*x(j). Determine u(0).
2
Let p = -85 + 85. Let g(b) = -2 - 5 + 4*b**3 - 5*b**3 + b**2. Calculate g(p).
-7
Let f(g) be the first derivative of g**2/2 + 8*g + 4. Give f(-7).
1
Let m(o) = -13*o**2 + o - 25. Let f(h) = -7*h**2 - 13. Let x(i) = 11*f(i) - 6*m(i). What is x(6)?
7
Let b(q) = -q**3 + 6*q**3 + q + 0 - 4*q**3 + 4 + 3*q**2. Give b(-3).
1
Let n(v) = -4*v**2 + 7*v - 6 + 3*v**2 + 0. Determine n(6).
0
Let y(b) = -b**3 - 3*b**2 + 4*b - 5. Let z = -4 - 0. Determine y(z).
-5
Let c(p) = 5*p**2 - 8*p + 4. Let k(s) = -14*s**2 + 23*s - 12. Let n(y) = -17*c(y) - 6*k(y). Give n(-4).
-4
Let v(y) = -5*y**3 + 14*y**2 - 9*y + 10. Let m = 29 - 40. Let o(u) = -u**3 + 3*u**2 - 2*u + 2. Let d(a) = m*o(a) + 2*v(a). Determine d(4).
-2
Suppose 11 = 14*k + 11. Let u(d) be the third derivative of 1/8*d**4 + k*d - 1/6*d**3 - 3*d**2 + 0. Determine u(3).
8
Let c(y) = -11*y - 36. Let v be c(-3). Let n(q) be the first derivative of -q**3 + q - 2*q**2 + 1 - 1/4*q**4. Give n(v).
13
Let c(r) be the first derivative of r**4/4 - r**3/3 - 3. Let y(a) = -6*a - 3. Let q be y(-2). Suppose 3*f + q = 2*d + d, d - 15 = -5*f. Calculate c(f).
4
Let j(b) be the first derivative of 3*b**2/2 + 3*b - 7. Determine j(-5).
-12
Let h(u) = -4*u**3 - u**2 + 6*u - 20. Let n(i) = -i**3 + i - 1. Let o(a) = -h(a) + 5*n(a). What is o(0)?
15
Let l(d) = d**3 + 4*d**2 + 2*d + 5. Let r = 4 - 6. Let s = r + -2. Give l(s).
-3
Let n(z) = z**3 + 2*z**2 - 4*z - 1. Let u be n(-3). Let x = u + -1. Let t(k) = -k - 1. What is t(x)?
-2
Suppose 0 = 4*z - 2*z + 12. Let w(i) = -i**2 - 6*i + 2. What is w(z)?
2
Suppose 0 = 4*p - 20, -2*a + p + 60 = 5*p. Let u = a - 15. Let s(v) = -v**2 + 5*v + 1. What is s(u)?
1
Let b = -11 + 18. Let g = b - 8. Let f(t) = -3*t + 1. What is f(g)?
4
Let g(m) = m**2 + m + 9. Suppose 0 = 24*x - 22*x. What is g(x)?
9
Let u(o) = o**2 - 9*o + 6. Let a be 1/4 - (-31)/4. Determine u(a).
-2
Let k(u) = 2*u**2 + 3*u + 2. Let l(j) = -5*j**2 - 8*j - 6. Let i(f) = 8*k(f) + 3*l(f). Suppose -4*x = 4*w - 2*x + 14, -4*w - 9 = -3*x. Calculate i(w).
7
Suppose -8 = 5*u - 7*u. Suppose -x + a = 0, -3*a + u = -2*x - 1. Let o(b) = x*b + b - 34 + 35. Calculate o(-1).
-5
Let i(s) = -6. Let v(q) = -q - 5. Let t(x) = -2*i(x) + 3*v(x). Give t(-3).
6
Suppose -4*o - 22 = 2*v, -2*o = -2*v + 2*o + 10. Let q(j) = j + 6. Give q(v).
3
Let p = -16 + 24. Suppose 2*l = -l - 3, -p = -5*s - 2*l. Let o(g) = 3*g**2 - s + g + 0 + 1. Calculate o(1).
3
Suppose -4*a = -5*g + 12 + 8, -2*a = 3*g + 10. Let w(n) = -n**3 + n**2 - n - 1. What is w(g)?
-1
Let g(k) = k**3 - 5*k**2 - 7*k + 7. Let r be 2/5 - (-336)/60. Calculate g(r).
1
Let a = 3 + -3. Suppose -3*n - 2*o + 6 = a, o + 9 = -2*n + 4*o. Let p(l) = 3 + 4 - l**3 - 1. Calculate p(n).
6
Let p(n) = n**3 - n**2 - n - 3. Let x(f) = -f**3 - 7*f**2 - 9*f + 5. Let z be x(-5). Calculate p(z).
-3
Let o(l) = l - 21. Let z(j) = j - 21. Let a be z(30). Determine o(a).
-12
Let c(a) = -5*a**2 - 2*a + 4. Let x(t) = -t**2 - t + 1. Suppose 0*d + 5*d + 30 = 0. Let v(n) = d*x(n) + c(n). Let q be (-6)/21 + (-52)/14. Calculate v(q).
-2
Let l(g) = -2*g + 7*g - 2*g. Let d be l(1). Let b(a) = -2 - a**2 + 4 - 2*a + 3*a. Calculate b(d).
-4
Let t(k) = -k**2 + 4*k + 10. Let u be t(5). Let v(f) = -f**3 + 7*f**2 - 6*f - 6. What is v(u)?
14
Let r = -1 + 1. Let o(g) = -g**2 - 2*g - 1. Let m be o(-1). Let t(f) = -f**3 - 7 + m*f**3 + f - f. Give t(r).
-7
Let v(b) be the first derivative of -b**2/2 + 12*b - 14. Suppose 0*c - 2*c = 0. Calculate v(c).
12
Let g be -4*(-4)/(-8) + 2. Suppose -4*f = 8, i + 6*f - f + 13 = g. Let l(b) = b + 3. Give l(i).
0
Let j = -4 + 0. Let d = 7 + j. Let t(f) = -d - 3*f + 1 + 3. Calculate t(1).
-2
Let q(z) = z - 6. Let j be (-3)/(-6) + 2/(-4). Calculate q(j).
-6
Let j(w) be the second derivative of -w**4/6 + w**3/3 - w**2/2 + 4*w + 1. Suppose -4*s = -0*t + t - 8, -4*s + 5*t = 16. What is j(s)?
-1
Let d = -3 - -6. Suppose -d - 6 = 3*r. Let w(t) be the first derivative of 2*t**3/3 + 5*t**2/2 + 2*t - 1. Give w(r).
5
Suppose 8*l + 12 = 4*l - 4*u, 0 = -2*l - 5*u - 6. Let w be (3 - (-11)/l)*6. Let f(q) = -q - 1. Determine f(w).
3
Let q be (5 - 7) + 3 + 0. Let b(z) = -11*z + 1. Determine b(q).
-10
Let l(h) = h + 4. Let b be 44/4*2/2. Let n = -15 + b. Give l(n).
0
Let z(g) = -3*g**2 - g. Suppose d 